be o(-4). Let s(a) = 10 + 5*a - d*a**2 - 16*a**3 + 7*a**3 + 10*a**3. What is s(7)?
-4
Let x be (-2)/((32/(-12))/(-4)). Let p(a) = a**3 + 3*a**2 - 2*a - 1. Calculate p(x).
5
Let k(u) = 8*u**2 - 4*u - 4. Let g(h) = -h - 1. Let p(z) = 5*g(z) - k(z). Suppose 3*j - c + 0*c = -3, -1 = j + 3*c. Give p(j).
-8
Let c(h) = h**2 + 5*h - 8. Suppose 9 = 3*y - 5*a + 45, -3*y - a = 18. What is c(y)?
6
Suppose -r + 0*r - c = 1, 5*r = 5*c - 25. Let m(l) = -4*l**3 + 3 - l**2 - 2*l**2 + 3*l**3 + 0*l**3. What is m(r)?
3
Let h(i) = 2*i - 4. Let q(z) = 1. Let m(u) = h(u) + 4*q(u). Give m(1).
2
Let w(q) be the third derivative of -q**6/24 + q**5/60 + 3*q**2. Give w(-1).
6
Let m(a) = 2*a - 2*a + 5*a - a**2. Let x(q) = -q**2 - 6*q + 5. Let f be x(-5). Let t = 14 - f. What is m(t)?
4
Let u(b) = b**3 + 8*b**2 + 6*b + 1. Suppose -5*v + 38 = -4*m, -5*m - v = -3*v + 39. Calculate u(m).
8
Let m(k) = 57*k + 33. Let i(l) = -7*l - 4. Suppose -z - 8 = -3*z. Let s(b) = z*m(b) + 33*i(b). Calculate s(3).
-9
Let r(j) be the first derivative of j**4/4 + 2*j**3 + 2*j**2 - 3*j - 15. What is r(-5)?
2
Let h be (0/(-10))/(1*2). Let c(f) = 3*f - 3*f**2 - 5*f - 2*f - 4 + h*f + f**3. Give c(4).
-4
Let g(k) = 5 - 2*k + 4*k - 3*k. Let m = -7 + 4. Let v(t) = -t + 1. Let h be v(m). What is g(h)?
1
Let k(u) = 6 + 41*u + 1 - 39*u. Suppose -34 = 5*w - 4. Determine k(w).
-5
Let m = -13 + 10. Let z be (3 + m + 0)/(-2). Let t(f) = -f + 12. Determine t(z).
12
Let h = 2 + -4. Let y be (1 - (h - -4))*-3. Let p(v) be the third derivative of -v**4/24 - v**3/3 - v**2. What is p(y)?
-5
Let a(n) = -14*n**3 - n**2 + 32*n + 32. Let v = -5 - -8. Let r(c) = -8*c**v + 1 - 2*c**3 + 5*c**3 + 11*c + 10. Let d(j) = -6*a(j) + 17*r(j). Calculate d(5).
-5
Let i(d) = d + 3. Let u be (-1 + -1)*(-13 - -16). Give i(u).
-3
Let l be 4/(-6) + 24/9. Let x(u) = -14*u**2 + 27*u**2 - 4*u**2 - 11*u**2. What is x(l)?
-8
Suppose -21 = -7*f - 63. Let l(j) be the second derivative of j**4/12 + 4*j**3/3 + 9*j**2/2 + j. What is l(f)?
-3
Suppose -7*i = 4*g - 5*i - 16, 16 = 4*g - 4*i. Let o(u) = -u. Let p(a) = -a**2 + 3 - 3*a - 7 + a + 3. Let c(m) = g*o(m) + p(m). What is c(-4)?
7
Let o(x) = 4 + 7*x**2 + 0 + x - 4. Let l(w) = w**3 + 4*w**2 + 3*w + 1. Let q be l(-3). Suppose -6 = 3*n, -4*v - q = -4*n - 13. What is o(v)?
8
Let s(o) = o**3 + 6*o**2 + 2*o + 9. Let y be s(-6). Let u(q) be the third derivative of q**5/60 + 5*q**4/24 + q**3/3 - 2*q**2. Determine u(y).
-4
Let n(d) = d - 25. Let j(y) = -8. Let p(w) = -7*j(w) + 2*n(w). Let f(l) = 8*l + 1. Let b be f(1). Let u = 4 - b. Give p(u).
-4
Suppose -3*l - j - 4*j - 8 = 0, 3*l - 32 = 5*j. Suppose l*k + 26 = -2*z, -4*k + 5*z - 14 = 3*z. Let h(y) = y**3 + 6*y**2 + 6*y + 5. Give h(k).
0
Suppose -3 = -g + d - 0*d, 5*d - 21 = -g. Let h = -9 + g. Let j(a) = -a**2 - 2*a + 3. What is j(h)?
0
Let y be (1/4)/((-1)/4). Let h(x) = 12*x - 1. Determine h(y).
-13
Let k(i) be the first derivative of i**4/4 - i**3/3 + 3*i**2/2 - 3*i - 19. Calculate k(2).
7
Let n(m) = -2*m - 1. Let j(i) = i - 4. Let a be j(5). Determine n(a).
-3
Suppose c + 2*j - 12 = 0, -2 = -2*j + 8. Let v be 1 - ((-48)/c)/1. Suppose y - 6*y = -v. Let o(s) = -s**3 + 5*s**2 - 4. Determine o(y).
-4
Let f(b) = b - 3. Let a be f(5). Let y(r) = -r**3 + 3*r**2 - r - 2. What is y(a)?
0
Let d(i) = i + 7. Let r be d(-7). Suppose h - 6*h = -10. Let g(j) = 2 - j + r + h*j. Calculate g(3).
5
Let b be 185/(-35) + (-4)/(-14). Let l(x) = -x**3 - 4*x**2 + 6*x + 4. What is l(b)?
-1
Let t(i) = -i**2 - 7*i - 5. Suppose 2*o = 1 - 9. Calculate t(o).
7
Let b(n) = n**3 - 5*n**2 - n - 1. Let f be b(5). Let y(w) be the third derivative of -w**4/24 - 7*w**3/6 - w**2. What is y(f)?
-1
Let m(a) = 14 + 11*a - 6 + 2 + a**2. Give m(-9).
-8
Let h(i) = 2*i + 2. Let m = -4 + 14. Suppose o + 4*o = -m. Let y be h(o). Let v(j) = j**2 + 4*j + 3. Determine v(y).
-1
Suppose 0 = -2*s + 2*g + 6, -3*g + 46 + 1 = 4*s. Let o(x) = -x + 4. What is o(s)?
-4
Let c(k) = -8*k**2 + 3*k**2 - 2 + 6*k**2. Calculate c(-2).
2
Let n(u) = -u - 6. Let c be n(-6). Suppose 2*j - 7*j + m = 5, j - m + 5 = c. Let v(x) = x**2 - x + 5. What is v(j)?
5
Let h(c) = c**2 + 7*c + 9. Suppose 5*r = 4*r. Suppose -2*a - 27 = -5*a. Suppose r = -2*x - a - 3. What is h(x)?
3
Let h(c) = c**2 - c - 2. Let k(q) = q**2 - 18*q. Let o be k(18). Give h(o).
-2
Let a(r) = 121*r**2 - 54*r**2 + 2 - r**3 - 63*r**2. What is a(3)?
11
Let x(g) = 2*g**2 - 2*g - 1. Let f be x(-1). Suppose -5*y - 11 = -f*o - 4*y, o - y - 1 = 0. Let w(q) = q**3 - 6*q**2 + 4*q - 1. Calculate w(o).
-6
Let d(z) = -105 - 8*z + 10*z + 112. Suppose 4*u - 8 = 0, t - u = -0*t - 9. Give d(t).
-7
Let b(s) be the first derivative of -s**5/60 - 2*s**3/3 - 1. Let w(m) be the third derivative of b(m). Calculate w(-1).
2
Let r = 81 + -87. Let d(a) = -a - 2. Determine d(r).
4
Let l(o) be the first derivative of o**5/60 - o**4/24 + o**3/6 + 3*o**2/2 + 4. Let n(w) be the second derivative of l(w). Calculate n(0).
1
Let x(r) = -2*r**3 + 3*r**2 - r. Let w(o) = -3*o**3 + 2*o**2 - 2*o - 1. Let b(q) = -3*w(q) + 4*x(q). Calculate b(-6).
-9
Suppose 4*z + n = 1 - 21, 5*z = -5*n - 10. Let i(q) = 5*q - 9. Let o(p) = -6*p + 10. Let y(l) = z*o(l) - 7*i(l). Let x = 1 + -1. Give y(x).
3
Let w(t) = -6*t - 9. Let r(g) = g - 2. Let x(u) = 4*r(u) - w(u). Determine x(1).
11
Let k = -17 - -20. Let u = k - 1. Let t(q) = -2*q**2 + q - 1. Determine t(u).
-7
Let w be (0/(-7 + 3))/(-1 + 0). Let h(z) = -z**2 - z - 15. Determine h(w).
-15
Suppose -2*i + 8*t + 20 = 3*t, 3*i - t = 17. Let k(a) be the third derivative of 0 - 1/12*a**i - 1/24*a**4 - a**2 + 0*a + 0*a**3 - 1/120*a**6. Calculate k(-5).
5
Let p(z) = -3*z**3 - 11*z + z**3 + 12*z + 3*z**3. Determine p(-1).
-2
Suppose -5*b = 5*a - 30, 3*b = 7*b + 2*a - 22. Let i(t) = t**3 - 5*t**2 + 4. Let w be i(b). Let j(l) = l + 3. Calculate j(w).
7
Let k(r) = -r**2 - 6*r. Let b(y) = -3*y**2 - 17*y + 1. Let x(g) = 4*b(g) - 11*k(g). Let i be (2/4 + -1)*6. Calculate x(i).
1
Let i(f) = f**3 - 4*f**2 - 5*f - 5. Suppose -4*t = 3*h - 35, -3 + 13 = 5*h - 3*t. Calculate i(h).
-5
Let a(o) be the first derivative of -4/3*o**3 + 3/2*o**2 + 1/4*o**4 - 5*o + 3. What is a(4)?
7
Let y = -55 + 57. Let p(l) be the first derivative of 5/2*l**y - 3 - 1/3*l**3 - 6*l. Calculate p(5).
-6
Suppose 3*g = g. Let c(w) = -1 + 2*w + g*w - 1. Suppose 4*k + k = -4*n + 2, k - 1 = -n. What is c(k)?
-6
Let s(b) = 4*b**3 - 3*b**3 + 5*b**2 + 36 - 34. What is s(-4)?
18
Let a(h) = -h + 1. Let t(f) = -4*f + 12. Let p(c) = 5*a(c) - t(c). Give p(0).
-7
Let o(b) = 2*b + 2 + 6*b + 2 - 3*b**2 - 6. Let h(r) = -10*r**2 + 25*r - 6. Let v(c) = -2*h(c) + 7*o(c). Give v(6).
-2
Let r(q) be the first derivative of 3*q**2 + 7*q - 1 - 1/4*q**4 - 4/3*q**3. Let f = -30 - -25. Determine r(f).
2
Let b(h) be the first derivative of -h**4/4 - 5*h**3/3 + h**2/2 + 2*h + 24. Give b(-3).
-19
Let h(c) = c**3 - 6*c**2 + 7*c - 7. Suppose -4*z + 0*z + 4 = 0, i = z + 39. Let l be i/(-12)*(-3)/2. Suppose -2*a - l = 3*k - 27, 3*a + 5*k = 35. What is h(a)?
3
Let l(k) = -k**3 + k. Suppose 0 = -4*u + 29 - 1. Suppose d = -3*i + u, 8*d = -5*i + 3*d + 15. Let j = -3 + i. Calculate l(j).
0
Suppose 9 = -5*s - 11. Let c = 1 + s. Let i(q) = 3*q + 2. What is i(c)?
-7
Let a(l) be the second derivative of l**4/6 + l**2 + l. Suppose 4*c - 99 = 3*r + c, 2*c = -4*r - 102. Let x = -26 - r. Calculate a(x).
10
Let c(r) be the first derivative of 3/2*r**2 - r - 3. What is c(2)?
5
Let w(c) be the first derivative of 1 + 7/3*c**3 - 1/2*c**2 - c. Give w(-1).
7
Suppose 0 = 3*i + 15 + 3. Let b(j) = -2*j - 5. Determine b(i).
7
Let x(d) = 3*d + 2. Let b(m) = 2*m + 1. Let a(k) = -7*b(k) + 3*x(k). Let s = 8 - 10. What is a(s)?
9
Let x be (-2 + 3)/1 - (28 + -24). Let g(n) = 2*n**2 + 4 + 3*n + 2*n - 2. Give g(x).
5
Let i(h) = -6*h**2 + h. Suppose 0 = -3*d + 2*d. Let b(c) = d*c - c - 6*c**2 - 2*c**3 + 7*c**2 + 3*c**3. Let a be b(-1). Calculate i(a).
-5
Let j(m) = -m**2 + 8*m - 9. Let r be j(6). Let w(y) = -y + 5. Let a be w(r). Let b(q) = a - 2 - q. Give b(4).
-4
Let w(f) be the third derivative of f**6/60 - f**5/60 - f**4/12 - f**3/6 + 3*f**2. Let q = 7 - 11. Let j = q - -6. What is w(j)?
7
Let q(n) be the first derivative of 1 + 1/2*n**2 - 1/4*n**4 - 5*n + 5/3*n**3. Suppose 5*p - 25 = -s, 4*s + 0 = -p + 24. Give q(s).
0
Let s = -16 + 11. Let k(h) = -7